st common factor of r and p.
32
Suppose 0 = -2*w - 3*s + 47, 3*w - 8*s + 10*s = 58. What is the highest common factor of 94 and w?
2
Let x be -1*(0 - 4) + (-125 - -22). Let g = -99 - x. Let m be 17 - (-3 + -5)/(-2 - g). What is the greatest common divisor of m and 91?
13
Let a(d) = d - 13. Let g be a(19). Let r(n) = -n + 2. Let w be r(-11). Let l = w + 2. Calculate the greatest common factor of l and g.
3
Suppose 0 = -2*m + 4*v + 3672, 16*m - 4*v = 11*m + 9198. Calculate the greatest common factor of m and 6.
6
Let k(q) = -2*q - 3*q**3 + 77 + 13 + 5*q**2 - 2*q**2 + 4*q**2 - 4*q**2. Let y be k(0). What is the greatest common divisor of 414 and y?
18
Suppose -5*y = -5*j - 35, -4*y + 43*j = 44*j - 33. Let t be (-1)/(3/(-2))*84/y. What is the greatest common divisor of t and 5?
1
Suppose -5*i - 4*y = -228, -12*y - 166 = -4*i - 7*y. Let k = -271 + 138. Let d = -1 - k. What is the greatest common divisor of d and i?
44
Let w = -173 - -386. Suppose 5*t - 1212 = w. What is the greatest common divisor of 15 and t?
15
Suppose -2111 = -2*b - 5*q + 6*q, 5*b + 6*q = 5320. Calculate the greatest common divisor of b and 230.
46
Suppose 0 = 3*r + 6*i - 2*i - 413, 5*i - 415 = -3*r. Suppose 5*o = -3*q + 405, -q = -3*o + o - r. Calculate the greatest common divisor of 5 and q.
5
Let l = 2522 - 2422. Suppose 0 = -4*a + 2*p + 16, 3*a = 6*a - p - 10. Suppose a*f - 2*x - 26 = f, 75 = 3*f - 5*x. What is the highest common divisor of f and l?
20
Suppose -4*y - 1282 = -3*c + 214, 0 = 4*c - 5*y - 1996. Calculate the highest common factor of 2688 and c.
168
Suppose -58*m + 89422 + 209858 = 0. What is the highest common divisor of m and 20?
20
Let q = 986 - 706. Suppose k = -4*k + 355. Let c = q - k. Calculate the highest common divisor of c and 19.
19
Let v = 11475 + -11437. What is the greatest common divisor of v and 10279?
19
Let i be (-4 - (-1 + 0)) + 104 + 71. Calculate the greatest common factor of i and 2.
2
Let t(a) = a**3 + 27*a**2 - 2*a. Let c be t(-27). Let x be ((-252)/15)/(-4*5/150). Calculate the highest common factor of x and c.
18
Let j be ((-5)/((-25)/(-18)))/(90/(-300)). Suppose -j*a = -0*a - 612. Calculate the highest common divisor of 68 and a.
17
Let f = 54 - 41. Suppose -f*c = -8*c - 480. What is the highest common divisor of 48 and c?
48
Let o(p) = -p**3 + 5*p**2 + 4*p + 12. Let j be o(6). Let i = 58 + j. Let d = i + -41. Calculate the greatest common factor of 187 and d.
17
Let z be (3/15)/(16/160). Suppose 4*q - 9*q + z*v = -379, 0 = -3*q - 4*v + 243. Let r be (2/(-3))/(4/(-42)). What is the greatest common divisor of r and q?
7
Suppose -2*n - n = -240. Suppose -2*t + 798 = 5*f, t = 5*f - 7*f + 319. What is the greatest common factor of n and f?
80
Let k = 62413 - 35125. What is the highest common factor of 9 and k?
9
Let h(k) = -7*k**2 - 656*k - 350. Let p be h(-86). Calculate the highest common factor of p and 452.
226
Suppose 3*g + 3*l = 2*g + 8, -3*g + l = -4. Let j be g + (-35)/(-1 - 6). What is the greatest common factor of 49 and j?
7
Suppose 0 = 2*d - 5*q - 1430 - 100, d - 791 = -4*q. Calculate the greatest common divisor of d and 930.
155
Let p(x) = 14*x**2 - 109*x - 18. Let u be p(8). Suppose y + 4*o - 19 = 0, -3*o - 33 = 5*y - 6*y. Calculate the greatest common divisor of y and u.
3
Suppose 4*v + 4*u - 156 = 0, 4*v - 37 - 115 = -5*u. Suppose -7*s = -27 - v. What is the highest common factor of s and 10?
10
Let b = 8 + 18. Suppose 28 = -4*o - 436. Let j = 14 - o. What is the highest common factor of j and b?
26
Let k be 386/(-2123) - (-268)/22. Calculate the greatest common divisor of 648 and k.
12
Let a = -12 + 29. Suppose -4*t = -3*t - a. Let q = 75 - -61. Calculate the greatest common factor of t and q.
17
Let g = -34 - -36. Suppose g*w = -5*l - 205 + 44, l - 362 = 5*w. Let q = w - -75. Calculate the greatest common divisor of 1 and q.
1
Let d be -5*(-159)/(-6)*-2. Suppose d*f - 271*f = -60. Let l = 3 + -1. Calculate the greatest common divisor of f and l.
2
Let y(t) = t**3 + 17*t**2 - 8*t - 30. Let k be y(-18). Let h = -207 - k. What is the greatest common factor of 5 and h?
1
Suppose 3*m + 3 = 4*m. Suppose -5*x = m*q - 84, 62 = 4*x - x - 4*q. Let p be (8 - 8) + (3 - (1 + -79)). What is the greatest common divisor of x and p?
9
Let l be ((-214)/(-8) - 23)/(3/(-72)*-3). Calculate the highest common factor of 402 and l.
6
Let n(b) = -b**2 + 27*b - 7. Let s be n(22). Suppose 0 = 7*c + s - 271. Suppose -36 = -4*u + u. What is the highest common divisor of c and u?
12
Let s be (-104)/(-10) + 1080/(-450). Calculate the highest common divisor of s and 178.
2
Let i be (-122)/6*-194*(-297)/(-99). What is the greatest common factor of 122 and i?
122
Suppose 5*r + 32 = 87. Let g = 55 + -51. Suppose 5*b = 2*i + 13, -4*i - g*b + 1 = -15. Calculate the greatest common divisor of r and i.
1
Let p(j) = 1342*j**2 - 46*j + 92. Let h be p(3). What is the greatest common factor of h and 47?
47
Suppose 0 = -i - 0*i + 1106. Suppose 4*g - 682 = i. Suppose 0 = -8*d + 225 + g. What is the greatest common factor of d and 24?
12
Let p = 61 + -13. Let f be (1 - (-21)/(-27))*-6*-48. Suppose -3*a = a - f. Calculate the highest common factor of p and a.
16
Let u = -66 + 93. Let j(f) = -8*f**2 - 202*f - 1211. Let w be j(-10). What is the greatest common factor of u and w?
9
Suppose -2161 = -5*b + 2*f, b = 5*f - 2*f + 427. Suppose -224 = -9*d + b. What is the highest common divisor of d and 146?
73
Let y = 93 + -21. Suppose 166 = -0*v + v - n, 0 = 5*v - 3*n - 822. Suppose -11*p = -20*p + v. Calculate the highest common factor of p and y.
18
Let y = 37 + 20. Suppose -1922 + 1466 = -4*q. What is the greatest common factor of y and q?
57
Let c be 964352/560 + 4/(-70). What is the greatest common divisor of c and 42?
42
Let g(q) be the second derivative of 21*q**4/4 + q**2/2 + 19*q - 2. Let p be g(2). Calculate the greatest common factor of 11 and p.
11
Let t = 265 - 125. Suppose 0 = w + 4*a + 20, 0 = 3*w - a + 41 - 7. Let c(k) = -2*k + 4. Let r be c(w). What is the greatest common factor of r and t?
28
Let v(q) = q**3 + 38*q**2 + 19*q - 391. Let n be v(-37). What is the highest common divisor of 100 and n?
25
Let v be ((2/(-2))/(-1))/(3/15). Suppose -2*l + 3*p - v*p = -86, 0 = -2*l - 3*p + 82. Let a = -32 + l. Calculate the highest common divisor of 45 and a.
15
Suppose d + 24 = -7*d, -2*u + 43 = -3*d. What is the highest common factor of u and 9979?
17
Let y = 31 - 28. Suppose -y*m + 2*m - 116 = 0. Let w = 172 + m. What is the greatest common factor of w and 8?
8
Let i(x) = 17*x + 234. Let p be i(6). Calculate the highest common factor of p and 1554.
42
Suppose 1715 = 28*w + 567. Calculate the greatest common factor of 21689 and w.
41
Suppose 73 = 4*b - 63. Suppose 0 = -21*m + 36624 - 27342. What is the highest common divisor of b and m?
34
Suppose -43*n = -40*n + 4*b - 70, -3*b = 5*n - 113. Calculate the highest common divisor of n and 2189.
11
Let q = -7084 + 7132. Calculate the highest common divisor of q and 3768.
24
Let l = 33 + -42. Let h be (-9)/2*(-6)/l. Let a be 12 + 0 + (-5 - h - -3). What is the greatest common divisor of 65 and a?
13
Let s be -68*(49/(-42) + 2/(12*1)). What is the greatest common factor of 17476 and s?
68
Let q be 6/4 - 712/16. Let v = q + 35. Let a = 9 - v. Calculate the greatest common divisor of 136 and a.
17
Suppose 2*c = c + 45. Suppose -4*j - c = -9*j. Let d = 351 - 324. What is the greatest common factor of d and j?
9
Suppose -y - 10*d + 194 = -5*d, 15*y - 2*d = 2910. What is the greatest common factor of y and 11?
1
Let t be 8*(1 - 0)*3. Let y be 5/25 - 833/(-35). What is the greatest common divisor of y and t?
24
Suppose -h = -4*i - 36, 10*h - 14*h = -i - 114. Calculate the greatest common divisor of 540 and h.
4
Suppose b + 5505 = -4*d + 1068, -5*d + 2*b - 5556 = 0. Let s be d/9*-3 - -8. Calculate the highest common factor of 18 and s.
18
Suppose 544 = 24*s - 3536. Calculate the highest common divisor of s and 30.
10
Let g(s) = 66*s - 8988. Let z be g(144). What is the greatest common factor of z and 5031?
129
Let g(w) = -w**3 + 15*w**2 - 16*w + 63. Let h be g(6). What is the greatest common divisor of 1 and h?
1
Suppose 120*n = 38*n + 47560. What is the greatest common divisor of n and 20?
20
Suppose -29*y - 51*y = -7*y - 